e remainder when 170 is divided by 168?
2
Calculate the remainder when 1164 is divided by 73.
69
Calculate the remainder when 7485 is divided by 24.
21
What is the remainder when 41 is divided by 12?
5
What is the remainder when 299 is divided by 5?
4
What is the remainder when 8188 is divided by 42?
40
Calculate the remainder when 91 is divided by 8.
3
Calculate the remainder when 393 is divided by 102.
87
Calculate the remainder when 129 is divided by 87.
42
Calculate the remainder when 1640 is divided by 313.
75
Calculate the remainder when 1255 is divided by 219.
160
What is the remainder when 366 is divided by 124?
118
Calculate the remainder when 842 is divided by 33.
17
What is the remainder when 370 is divided by 49?
27
What is the remainder when 79 is divided by 26?
1
What is the remainder when 73 is divided by 29?
15
What is the remainder when 3110 is divided by 526?
480
Calculate the remainder when 242 is divided by 31.
25
Calculate the remainder when 156 is divided by 10.
6
Calculate the remainder when 251 is divided by 23.
21
What is the remainder when 13030 is divided by 362?
360
Calculate the remainder when 1999 is divided by 26.
23
What is the remainder when 3033 is divided by 217?
212
What is the remainder when 1036 is divided by 173?
171
What is the remainder when 1857 is divided by 201?
48
Calculate the remainder when 37 is divided by 33.
4
Calculate the remainder when 102201 is divided by 137.
136
What is the remainder when 5605 is divided by 32?
5
What is the remainder when 215 is divided by 11?
6
What is the remainder when 745 is divided by 23?
9
What is the remainder when 476 is divided by 164?
148
Calculate the remainder when 24937 is divided by 153.
151
What is the remainder when 1183 is divided by 317?
232
Calculate the remainder when 228 is divided by 120.
108
What is the remainder when 3333 is divided by 12?
9
Calculate the remainder when 869 is divided by 30.
29
Calculate the remainder when 736 is divided by 67.
66
What is the remainder when 1510 is divided by 187?
14
Calculate the remainder when 20136 is divided by 95.
91
What is the remainder when 93 is divided by 40?
13
Calculate the remainder when 697 is divided by 70.
67
What is the remainder when 1446 is divided by 23?
20
What is the remainder when 42 is divided by 30?
12
Calculate the remainder when 447 is divided by 16.
15
What is the remainder when 89 is divided by 23?
20
What is the remainder when 92 is divided by 10?
2
What is the remainder when 5940 is divided by 17?
7
What is the remainder when 1819 is divided by 52?
51
What is the remainder when 34 is divided by 22?
12
What is the remainder when 39 is divided by 27?
12
What is the remainder when 147 is divided by 65?
17
What is the remainder when 250 is divided by 61?
6
What is the remainder when 1 is divided by 1?
0
Calculate the remainder when 912 is divided by 257.
141
What is the remainder when 5539 is divided by 23?
19
Calculate the remainder when 165 is divided by 165.
0
What is the remainder when 217 is divided by 20?
17
What is the remainder when 452 is divided by 57?
53
Calculate the remainder when 880 is divided by 438.
4
What is the remainder when 1037 is divided by 8?
5
What is the remainder when 47 is divided by 45?
2
What is the remainder when 3046 is divided by 127?
125
What is the remainder when 1779 is divided by 3?
0
Calculate the remainder when 56 is divided by 15.
11
What is the remainder when 4619 is divided by 22?
21
What is the remainder when 2381 is divided by 92?
81
Calculate the remainder when 43 is divided by 34.
9
What is the remainder when 583 is divided by 73?
72
What is the remainder when 548 is divided by 208?
132
Calculate the remainder when 1029 is divided by 94.
89
Calculate the remainder when 2721 is divided by 904.
9
What is the remainder when 101 is divided by 21?
17
What is the remainder when 33 is divided by 30?
3
Calculate the remainder when 47 is divided by 15.
2
Calculate the remainder when 650 is divided by 387.
263
What is the remainder when 35 is divided by 25?
10
Calculate the remainder when 11640 is divided by 142.
138
What is the remainder when 76 is divided by 29?
18
Calculate the remainder when 12497 is divided by 266.
261
Calculate the remainder when 8646 is divided by 94.
92
Calculate the remainder when 2158 is divided by 40.
38
What is the remainder when 158 is divided by 21?
11
Calculate the remainder when 7522 is divided by 36.
34
Calculate the remainder when 1269 is divided by 106.
103
Calculate the remainder when 716 is divided by 103.
98
Calculate the remainder when 51 is divided by 42.
9
What is the remainder when 2272 is divided by 383?
357
Calculate the remainder when 1624 is divided by 292.
164
Calculate the remainder when 662 is divided by 9.
5
Calculate the remainder when 113 is divided by 19.
18
Calculate the remainder when 3788 is divided by 10.
8
Calculate the remainder when 125 is divided by 20.
5
Calculate the remainder when 286 is divided by 83.
37
What is the remainder when 374 is divided by 63?
59
Calculate the remainder when 831 is divided by 16.
15
Calculate the remainder when 43 is divided by 19.
5
What is the remainder when 199 is divided by 64?
7
What is the remainder when 47 is divided by 6?
5
Calculate the remainder when 360 is divided by 176.
8
What is the remainder when 347 is divided by 58?
57
What is the remainder when 627 is divided by 41?
12
Calculate the remainder when 3741 is divided by 48.
45
Calculate the remainder when 5129 is divided by 90.
89
Calculate the remainder when 116 is divided by 36.
8
What is the remainder when 31 is divided by 4?
3
Calculate the remainder when 82 is divided by 8.
2
Calculate the remainder when 2803 is divided by 27.
22
Calculate the remainder when 605 is divided by 154.
143
Calculate the remainder when 1002 is divided by 67.
64
Calculate the remainder when 91 is divided by 19.
15
What is the remainder when 261 is divided by 101?
59
Calculate the remainder when 196 is divided by 18.
16
What is the remainder when 37 is divided by 14?
9
Calculate the remainder when 227 is divided by 59.
50
What is the remainder when 59 is divided by 21?
17
Calculate the remainder when 6662 is divided by 238.
236
What is the remainder when 332 is divided by 104?
20
Calculate the remainder when 580 is divided by 271.
38
What is the remainder when 58 is divided by 9?
4
Calculate the remainder when 160 is divided by 18.
16
Calculate the remainder when 1812 is divided by 37.
36
What is the remainder when 360 is divided by 129?
102
What is the remainder when 2726 is divided by 27?
26
What is the remainder when 619 is divided by 89?
85
What is the remainder when 2605 is divided by 29?
24
Calculate the remainder when 2564 is divided by 9.
8
What is the remainder when 744 is divided by 109?
90
Calculate the remainder when 1418 is divided by 462.
32
What is the remainder when 1048 is divided by 50?
48
Calculate the remainder when 384 is divided by 118.
30
What is the remainder when 734 is divided by 41?
37
Calculate the remainder when 894 is divided by 24.
6
What is the remainder when 87 is divided by 36?
15
What is the remainder when 2408 is divided by 10?
8
Calculate the remainder when 277 is divided by 20.
17
Calculate the remainder when 5155 is divided by 215.
210
What is the remainder when 13847 is divided by 171?
167
What is the remainder when 1539 is divided by 67?
65
What is the remainder when 2383 is divided by 201?
172
Calculate the remainder when 4016 is divided by 38.
26
What is the remainder when 333 is divided by 42?
39
Calculate the remainder when 906 is divided by 3.
0
Calculate the remainder when 97 is divided by 9.
7
Calculate the remainder when 278 is divided by 14.
12
Calculate the remainder when 1013 is divided by 26.
25
Calculate the remainder when 35 is divided by 16.
3
Calculate the remainder when 746 is divided by 22.
20
What is the remainder when 142 is divided by 73?
69
What is the remainder when 64 is divided by 10?
4
What is the remainder when 71 is divided by 65?
6
Calculate the remainder when 684 is divided by 655.
29
Calculate the remainder when 64 is divided by 11.
9
Calculate the remainder when 664 is divided by 287.
90
What is the remainder when 55793 is divided by 26?
23
